re the prime factors of 1146591?
3, 127399
List the prime factors of 2508203.
2508203
What are the prime factors of 8305282?
2, 17, 14369
What are the prime factors of 8455386?
2, 3, 1409231
List the prime factors of 1049070.
2, 3, 5, 11, 17
What are the prime factors of 4852663?
4852663
List the prime factors of 104182.
2, 13, 4007
List the prime factors of 560421.
3, 73, 853
What are the prime factors of 5209028?
2, 11, 118387
List the prime factors of 139139.
7, 11, 13, 139
What are the prime factors of 6313830?
2, 3, 5, 210461
What are the prime factors of 267221?
353, 757
List the prime factors of 211786.
2, 17, 6229
List the prime factors of 492854.
2, 83, 2969
What are the prime factors of 2618876?
2, 13, 50363
List the prime factors of 2654273.
2654273
List the prime factors of 32510422.
2, 7, 331739
List the prime factors of 249228.
2, 3, 7, 23, 43
What are the prime factors of 210930?
2, 3, 5, 79, 89
List the prime factors of 3017074.
2, 71, 21247
List the prime factors of 174660.
2, 3, 5, 41, 71
List the prime factors of 640888.
2, 80111
What are the prime factors of 287265?
3, 5, 11, 1741
List the prime factors of 184960.
2, 5, 17
What are the prime factors of 4501366?
2, 19, 118457
What are the prime factors of 107012?
2, 31, 863
List the prime factors of 41224.
2, 5153
What are the prime factors of 14178545?
5, 1487, 1907
List the prime factors of 3995601.
3, 673, 1979
List the prime factors of 109121.
109121
What are the prime factors of 903498?
2, 3, 150583
List the prime factors of 1712429.
571, 2999
List the prime factors of 2574075.
3, 5, 7, 4903
List the prime factors of 532881.
3, 59209
List the prime factors of 266102.
2, 133051
What are the prime factors of 659633?
13, 50741
List the prime factors of 2062324.
2, 11, 4261
List the prime factors of 28055806.
2, 31, 149, 3037
List the prime factors of 417663.
3, 31, 499
What are the prime factors of 603772?
2, 13, 17, 683
What are the prime factors of 12419341?
11, 727, 1553
What are the prime factors of 7005477?
3, 349, 6691
What are the prime factors of 103059?
3, 11, 347
List the prime factors of 181064.
2, 13, 1741
What are the prime factors of 812826?
2, 3, 7, 6451
List the prime factors of 5187365.
5, 89, 11657
List the prime factors of 176270.
2, 5, 17627
List the prime factors of 1029949.
53, 19433
What are the prime factors of 3630708?
2, 3, 100853
What are the prime factors of 288832?
2, 4513
What are the prime factors of 5034525?
3, 5, 19, 3533
What are the prime factors of 13410474?
2, 3, 7, 11, 29027
List the prime factors of 623208.
2, 3, 23, 1129
What are the prime factors of 56494?
2, 47, 601
List the prime factors of 283214.
2, 19, 29, 257
List the prime factors of 211961.
29, 7309
List the prime factors of 2545435.
5, 509087
What are the prime factors of 318123?
3, 13, 2719
List the prime factors of 751211.
37, 79, 257
List the prime factors of 264788.
2, 53, 1249
What are the prime factors of 3318102?
2, 3, 337, 547
List the prime factors of 147474.
2, 3, 2731
What are the prime factors of 2289367?
19, 101, 1193
List the prime factors of 1361468.
2, 107, 3181
List the prime factors of 3032263.
13, 233251
What are the prime factors of 2839895?
5, 567979
What are the prime factors of 1102325?
5, 7, 6299
What are the prime factors of 2799225?
3, 5, 11, 13, 29
List the prime factors of 242219.
43, 131
What are the prime factors of 15182645?
5, 23, 47, 53
List the prime factors of 3502306.
2, 17, 239, 431
What are the prime factors of 5235285?
3, 5, 11, 31729
List the prime factors of 13407385.
5, 2681477
List the prime factors of 293827.
293827
What are the prime factors of 5088134?
2, 17, 8803
What are the prime factors of 291541?
47, 6203
List the prime factors of 69994.
2, 79, 443
List the prime factors of 235089.
3, 8707
What are the prime factors of 16566982?
2, 439, 18869
List the prime factors of 504716.
2, 19, 29, 229
What are the prime factors of 1136899?
37, 30727
List the prime factors of 15087918.
2, 3, 41, 61333
What are the prime factors of 24960746?
2, 107, 116639
What are the prime factors of 720426?
2, 3, 7, 17, 1009
List the prime factors of 16434.
2, 3, 11, 83
List the prime factors of 568954.
2, 284477
What are the prime factors of 56311?
56311
List the prime factors of 15661612.
2, 3915403
What are the prime factors of 350937?
3, 38993
List the prime factors of 4752909.
3, 7, 37, 2039
List the prime factors of 427235.
5, 85447
List the prime factors of 1500294.
2, 3, 250049
List the prime factors of 774110.
2, 5, 199, 389
List the prime factors of 2656949.
2656949
List the prime factors of 179120.
2, 5, 2239
List the prime factors of 18367270.
2, 5, 1836727
List the prime factors of 190722.
2, 3, 7, 19, 239
List the prime factors of 2192392.
2, 179, 1531
What are the prime factors of 1454464?
2, 11, 1033
What are the prime factors of 275540?
2, 5, 23, 599
List the prime factors of 644112.
2, 3, 7, 71
List the prime factors of 304670.
2, 5, 30467
List the prime factors of 255757.
255757
What are the prime factors of 71881?
71881
List the prime factors of 724007.
724007
What are the prime factors of 8441325?
3, 5, 37517
What are the prime factors of 172388?
2, 71, 607
List the prime factors of 110735.
5, 22147
List the prime factors of 1954448.
2, 23, 47, 113
What are the prime factors of 78315?
3, 5, 23, 227
List the prime factors of 93491.
93491
What are the prime factors of 969941?
7, 138563
What are the prime factors of 25498704?
2, 3, 7, 11, 6899
List the prime factors of 313311.
3, 181, 577
What are the prime factors of 1683550?
2, 5, 11, 3061
List the prime factors of 22382358.
2, 3, 23, 59, 2749
What are the prime factors of 10128375?
3, 5, 3001
What are the prime factors of 290288?
2, 18143
List the prime factors of 4031816.
2, 37, 53, 257
What are the prime factors of 1434297?
3, 478099
List the prime factors of 237643.
7, 17, 1997
List the prime factors of 961196.
2, 103, 2333
What are the prime factors of 416105?
5, 83221
What are the prime factors of 20944511?
7, 427439
List the prime factors of 3790060.
2, 5, 31, 6113
List the prime factors of 1162701.
3, 43063
What are the prime factors of 261656?
2, 32707
What are the prime factors of 1617942?
2, 3, 41, 6577
What are the prime factors of 498689?
498689
What are the prime factors of 621187?
7, 88741
List the prime factors of 21619366.
2, 10809683
What are the prime factors of 18568075?
5, 742723
What are the prime factors of 390919?
223, 1753
List the prime factors of 353911.
353911
List the prime factors of 977440.
2, 5, 41, 149
List the prime factors of 798739.
613, 1303
What are the prime factors of 2340977?
41, 57097
What are the prime factors of 6878868?
2, 3, 269, 2131
What are the prime factors of 18639900?
2, 3, 5, 139, 149
List the prime factors of 13439.
89, 151
What are the prime factors of 37687?
13, 223
List the prime factors of 216469.
11, 1789
List the prime factors of 215958.
2, 3, 35993
What are the prime factors of 1168685?
5, 7, 33391
List the prime factors of 1206417.
3, 402139
List the prime factors of 2575378.
2, 13, 99053
List the prime factors of 107835.
3, 5, 7, 13, 79
What are the prime factors of 10462066?
2, 31, 168743
What are the prime factors of 16648110?
2, 3, 5, 97, 1907
What are the prime factors of 1507938?
2, 3, 251323
List the prime factors of 22636870.
2, 5, 2263687
List the prime factors of 14466.
2, 3, 2411
List the prime factors of 37550.
2, 5, 751
List the prime factors of 12199.
11, 1109
List the prime factors of 3197062.
2, 11, 1201
What are the prime factors of 9966510?
2, 3, 5, 36913
List the prime factors of 4565823.
3, 953, 1597
List the prime factors of 13471105.
5, 2694221
What are the prime factors of 2974008?
2, 3, 29, 4273
List the prime factors of 15014184.
2, 3, 625591
List the prime factors of 358947.
3, 39883
List the prime factors of 626222.
2, 353, 887
What are the prime factors of 12665155?
5, 2533031
List the prime factors of 269678.
2, 134839
List the prime factors of 68270.
2, 5, 6827
List the prime factors of 637745.
5, 127549
List the prime factors of 1877345.
5, 239, 1571
What are the prime factors of 2166254?
2, 43, 25189
What are the prime factors of 2103518?
2, 1051759
What are the prime factors of 2019